 = n**3 - 7*n**2 - 4*n - 25. Give m(8).
7
Let d(u) = u**2 - 19*u - 44. What is d(21)?
-2
Let s(l) = -5*l**2 + 2*l + 17. What is s(6)?
-151
Let b(s) = s**3 - 12*s**2 + 11*s + 8. Give b(11).
8
Let r(k) = -k**2 - k - 6. Give r(-5).
-26
Let h(l) = -l - 2. Determine h(8).
-10
Let l(c) = -4*c**2 + 2*c + 4. Calculate l(3).
-26
Let p(s) = -2*s**2 + 3*s - 4. Calculate p(5).
-39
Let v(h) = 2*h**3 - 19*h**2 - 9*h. Calculate v(10).
10
Let n(u) = -u**3 - 19*u**2 - 13*u + 54. Give n(-18).
-36
Let s(b) = -15*b**2 - 4. What is s(-2)?
-64
Let z(f) = f**2 + 106*f + 1904. What is z(-23)?
-5
Let j(t) = -t**2 + 5*t - 11. What is j(4)?
-7
Let f(r) = -r**3 + 16*r**2 + 15*r + 41. What is f(17)?
7
Let k(m) = m**2 + 8*m + 13. Calculate k(-7).
6
Let o(x) = -x**3 + 3*x**2 - 3*x + 6. Calculate o(4).
-22
Let o(h) = h**3 + 6*h**2 - 3*h + 2. Give o(-4).
46
Let w(k) = k**3 - 8*k**2 + 5*k + 10. Determine w(7).
-4
Let u(c) = -2*c**2 + 8*c - 9. Determine u(5).
-19
Let t(i) = 3*i**2 + 10. What is t(-3)?
37
Let r(q) = -q**3 - 12*q**2 - 38*q - 14. Calculate r(-5).
1
Let c(j) = -2*j**2 - 11*j - 27. Calculate c(-6).
-33
Let c(j) = j**3 - 8*j**2 - j + 6. What is c(8)?
-2
Let n(f) = 6*f**2 - 5*f - 10. Give n(-4).
106
Let y(g) = g**2 + 15*g - 322. Calculate y(-27).
2
Let x(k) = -3*k**2 - k + 19. Give x(4).
-33
Let i(k) = -2*k**2 - 12*k + 26. Determine i(-9).
-28
Let g(v) = v**3 - 23*v**2 - 24*v - 49. Determine g(24).
-49
Let g(y) = -y - 13. Give g(-5).
-8
Let d(g) = 22*g + 1. Determine d(1).
23
Let t(d) = -d**2 - d - 11. Determine t(0).
-11
Let a(c) = -c**2 + 10*c - 15. Give a(4).
9
Let x(n) = 18*n**2 + 7*n - 3. What is x(-2)?
55
Let j(k) = -5*k**2 + 3. Determine j(2).
-17
Let q(f) = 3*f**2 + 18*f - 10. Determine q(-11).
155
Let v(a) = -3*a**2 + 10*a + 13. Give v(6).
-35
Let f(h) = h**2 - 11*h - 41. Determine f(13).
-15
Let t(y) = y**3 + y**2 - 3*y + 1. Give t(2).
7
Let j(n) = -2*n + 42. Calculate j(31).
-20
Let m(y) = y**3 + 22*y**2 - 5. What is m(-22)?
-5
Let q(r) = r**3 + 3*r**2 + 4*r + 7. What is q(-2)?
3
Let v(k) = -6*k + 8. What is v(3)?
-10
Let t(y) = -y**2 + 10*y + 17. What is t(6)?
41
Let y(d) = 3*d**2 + 8*d + 15. Determine y(-4).
31
Let w(n) = 47*n. Give w(-1).
-47
Let s(p) = 12*p + 1118. Calculate s(-92).
14
Let s(y) = -y**3 - 12*y**2 - 5*y - 18. Calculate s(-12).
42
Let c(i) = i**2 + 35*i + 306. Give c(-17).
0
Let f(j) = -j**3 - 2*j**2 - j - 7. Calculate f(0).
-7
Let l(f) = -f + 30. Calculate l(17).
13
Let f(k) = -k**2 + 3*k - 1. Determine f(2).
1
Let w(f) = f**2 - 14*f - 1. What is w(11)?
-34
Let u(m) = -m**2 + 23*m - 60. Calculate u(19).
16
Let c(a) = 2*a**2 - 11*a + 25. Determine c(6).
31
Let v(g) = -g. Give v(-21).
21
Let f(a) = 12*a + 11. What is f(3)?
47
Let n(c) = 9*c + 32. Give n(-5).
-13
Let h(z) = -z**2 - 16. What is h(0)?
-16
Let g(w) = w**2 + 8*w + 11. Calculate g(-6).
-1
Let t(s) = s**3 + s**2 - 5*s - 1. Calculate t(0).
-1
Let x(f) = 6*f + 87. What is x(-15)?
-3
Let t(s) = 52*s**3 + s**2 - 1. Determine t(-1).
-52
Let a(s) = -s - 8. What is a(-9)?
1
Let f(d) = d**3 - 20*d**2 + 49*d + 27. Determine f(17).
-7
Let w(q) = q**2 - 5*q + 4. Determine w(4).
0
Let p(s) = s**2 - s + 6. Determine p(3).
12
Let x(u) = -u**2 - 37*u - 93. Give x(-31).
93
Let x(f) = 2*f**2 + 2*f. Determine x(-2).
4
Let i(j) = j**2 - 8*j + 2. Calculate i(6).
-10
Let t(w) = w**3 - 14*w**2 + 19. Determine t(14).
19
Let s(k) = -5*k + 1. Give s(-1).
6
Let h(c) = -25*c + 2. What is h(-1)?
27
Let j(a) = -20*a - 173. Calculate j(-8).
-13
Let x(r) = r**3 - 8*r**2 - 30*r - 38. Determine x(11).
-5
Let q(w) = w**3 - 2*w**2. Give q(4).
32
Let o(r) = 9*r**3 - 2*r**2 + 4*r - 2. What is o(1)?
9
Let n(t) = -2*t**2 + 2*t + 1. What is n(0)?
1
Let x(a) = a**3 - 16*a**2 - 19*a - 16. Give x(17).
-50
Let d(l) = 2*l**2 + 25*l - 28. Give d(-13).
-15
Let q(w) = 2*w**2 - 18*w + 43. Determine q(6).
7
Let s(n) = -2*n**2 - 13*n + 10. Give s(-6).
16
Let o(p) = p**2 - 9*p + 11. Calculate o(8).
3
Let o(x) = 6*x**2 - 5*x + 3. Determine o(2).
17
Let c(j) = -15*j + 165. Determine c(11).
0
Let s(m) = m**3 + m**2 - m + 2. Determine s(-2).
0
Let z(u) = 29*u**3 + u**2 + u - 1. Give z(-1).
-30
Let w(r) = 9*r**2 - r - 2. Calculate w(2).
32
Let f(x) = 15*x + 152. Calculate f(-10).
2
Let u(h) = 3*h**2 - 2*h. Determine u(-1).
5
Let p(l) = 10*l - 104. Determine p(11).
6
Let f(b) = -15*b**3 - 2*b - 1. Calculate f(-1).
16
Let u(w) = 2*w**2 - 35*w - 198. Calculate u(22).
0
Let d(r) = -r**2 + 17*r - 56. What is d(10)?
14
Let c(x) = -x**2 + 12*x + 11. Determine c(12).
11
Let a(c) = c**3 - 4*c**2 + 2*c - 2. Calculate a(3).
-5
Let t(c) = -c**2 - 12*c - 3. What is t(-10)?
17
Let d(m) = -53*m + 6. What is d(0)?
6
Let v(q) = -q**2 - 16*q - 52. Calculate v(-12).
-4
Let s(z) = 5*z**2 - 24*z + 14. What is s(7)?
91
Let w(c) = c**3 - 9*c**2 - 16*c + 9. Give w(11).
75
Let u(x) = -x**2 + x - 1. Give u(1).
-1
Let u(t) = -t**2 - 20*t - 1. Calculate u(-20).
-1
Let c(f) = -2*f - 13. What is c(-7)?
1
Let k(g) = -g**3 + 6*g**2 - 11*g + 22. Calculate k(4).
10
Let w(h) = -h**3 - 10*h**2 - 4*h + 10. What is w(-9)?
-35
Let m(v) = v**2 + 2*v - 4. Calculate m(10).
116
Let b(d) = -d**2 + 7*d + 6. What is b(4)?
18
Let j(m) = 5*m + 55. Calculate j(-11).
0
Let m(o) = -o**2 + 12*o + 34. Calculate m(15).
-11
Let z(y) = 4*y**3 + y**2 + 6*y + 3. What is z(-2)?
-37
Let n(g) = -15*g**3 - g**2 + 2. Determine n(-1).
16
Let d(a) = -a**3 + 13*a**2 - 14*a - 9. Calculate d(12).
-33
Let k(b) = b**3 - 8*b**2 + 2. Give k(8).
2
Let u(r) = -7*r - 29. Give u(-6).
13
Let c(a) = -50*a + 4. Determine c(0).
4
Let j(g) = 6*g - 183. Calculate j(29).
-9
Let l(a) = a**3 + a**2 + 2*a + 4. What is l(0)?
4
Let g(h) = -h**3 - h**2 - 3*h + 6. Calculate g(3).
-39
Let p(u) = -8*u + 34. What is p(4)?
2
Let m(d) = -7*d**2 + d + 2. Give m(2).
-24
Let l(n) = 2*n**2 - 50*n + 53. What is l(24)?
5
Let i(y) = y**3 + 7*y**2 - 10. What is i(-7)?
-10
Let s(r) = -3*r - 6. Calculate s(11).
-39
Let o(y) = -3*y**2 - 5*y - 8. Determine o(-3).
-20
Let z(h) = 2*h - 17. Determine z(-6).
-29
Let n(f) = -2*f**2 + 26*f - 30. Calculate n(12).
-6
Let m(x) = x**3 - 6*x**2 + 6*x + 6. Give m(5).
11
Let s(b) = 5*b - 98. What is s(22)?
12
Let v(z) = -17*z + 4. Calculate v(2).
-30
Let q(f) = 2*f**2 - 8*f - 6. Calculate q(5).
4
Let m(d) = d**3 - 9*d**2 - d - 12. Determine m(9).
-21
Let i(u) = -17*u**2 - 323*u + 7. Give i(-19).
7
Let g(l) = -7*l + 25. Calculate g(4).
-3
Let z(a) = 3*a**3 - 4*a**2 - 2*a + 2. Calculate z(3).
41
Let c(j) = -j**2 + 17*j - 62. Determine c(11).
4
Let g(c) = -17*c**2 - 2*c. What is g(1)?
-19
Let i(v) = -3*v**3 + 44*v**2 + 18*v - 53. Give i(15).
-8
Let a(y) = -y**3 - 7*y**2 + 6*y - 12. Give a(-8).
4
Let t(z) = -5*z - 5. What is t(-2)?
5
Let c(m) = -m**2 + 15*m - 40. Give c(5).
10
Let f(m) = -4*m**2 - 9*m - 1. Give f(-1).
4
Let m(k) = -2*k**2 - 7*k - 8. What is m(-4)?
-12
Let d(u) = -u**3 + 7*u**2 - 14*u + 12. Give d(5).
-8
Let s(t) = -4*t**3 - t**2 - 4*t + 4. Give s(1).
-5
Let u(f) = 8*f**2 + 2*f. Give u(-2).
28
Let l(d) = -d**2 + 6*d + 6. What is l(5)?
11
Let w(z) = 6*z**2 - z - 2. Give w(-1).
5
Let c(b) = -2*b - 54. Determine c(-28).
2
Let v(g) = -14*g + 8. Give v(4).
-48
Let w(k) = k + 18. What is w(-24)?
-6
Let n(a) = 5*a - 19. Determine n(6).
11
Let p(m) = -m**2 + 15*m - 20. What is p(13)?
6
Let p(v) = v**3 + 9*v**2 + v + 10. What is p(-9)?
1
Let f(b) = -2*b**2 - 3*b + 9. Calculate f(-7).
-68
Let o(u) = u**2 - 2*u. Determine o(-2).
8
Let q(r) = 3*r - 45. Give q(11).
-12
Let s(g) = -g**3 - 9*g**2 - g + 3. Give s(-9).
12
Let c(g) = -51*g - 5. Determine c(-2).
97
Let c(q) = 5*q - 3. Calculate c(4).
17
Let q(k) = -4*k**3 - 45*k**2 - 5*k + 20. What is q(-11)?
-46
Let w(a) = a**3 - a**2 + 15*a - 11. Determine w(0).
-11
Let d(m) = m**3 - 6*m**2 - 38*m + 222. What is d(5)?
7
Let m(z) = -2*z - 6. What is m(0)?
-6
Let r(a) = a**2 + 8*a + 4. Give r(-5).
-11
Let r(c) = -6*c**2 - c - 2. Give r(-1).
-7
Let h(f) = -f**3 + 3*f**2 + 4*f - 4. What is h(5)?
-34
Let v(l) = 17*l + 34. Calculate v(-2).
0
Let b(n) = 3*n - 46. Give b(9).
-19
Let r(l) = l**2 - 34*l + 104. Give r(31).
11
Let m(p) = p**3 - 3*p**2 - 6*p + 9. Determine m(4).
1
Let v(g) = -2*g**2 - 3*g - 2. Give v(-2).
-4
Let h(u) = -u**2 + 31*u + 173. Calculate h(-5).
-7
Let o(l) = 9*l**2 + 3*l + 1. What is o(-2)?
31
Let j(g) = -g**3 - 14*g**2 - 27*g - 29. Calcul